74. What are the prime factors of i?
2, 3
Suppose -l + 3 = -2*q, 2*l = -4*q - q - 12. Let u(o) = -22*o + 1. List the prime factors of u(l).
23
Let n = 9 - 16. List the prime factors of 4*-2*14/n.
2
Let o(d) = 42*d**2 - d**3 - 49*d**2 - 9 + 0*d**3 + 6*d. List the prime factors of o(-8).
7
Let m = 11 - 6. Let g = 82 + -49. Suppose -m*z = 5*h - 45, 3*z + z + h = g. List the prime factors of z.
2
Let l(a) = 10*a**2 + 15*a + 7. What are the prime factors of l(-5)?
2, 7, 13
Suppose 2*t - 7 = 37. List the prime factors of t.
2, 11
Let h(l) = -4*l**3 + l. Let z = -2 - -1. Let d be h(z). Suppose -i - 5*o = 3*i - 18, -41 = -5*i + d*o. List the prime factors of i.
7
Let y(d) be the second derivative of 17*d**5/20 - d**4/12 - d. What are the prime factors of y(1)?
2
Let u = 64 + 217. What are the prime factors of u?
281
Let b(k) = 3*k**3 - 2*k**2 + 1. Let l be b(1). Suppose 5*i = 3*s + 112, -4*i + 96 = -l*s - 2*s. Let w = -13 + i. What are the prime factors of w?
7
What are the prime factors of (((-3)/(-4))/(-3))/(2/(-1592))?
199
What are the prime factors of -2 - (-81 + 8/2)?
3, 5
What are the prime factors of (-4)/14 + (-452)/(-14)?
2
Let y be (2 - -1) + 2 + -2. Suppose -y*d + 3 = -0*d. List the prime factors of -2 + (18 - d/(-1)).
17
Suppose 0 = -15*r + 9*r + 786. What are the prime factors of r?
131
Let w = 110 + -46. List the prime factors of w.
2
Suppose 58 - 84 = -v. What are the prime factors of v?
2, 13
Let b(c) be the third derivative of 0*c**4 + 0 + 1/60*c**5 - c**2 - 2/3*c**3 + 0*c. What are the prime factors of b(-3)?
5
Let w = 17 - -77. List the prime factors of w.
2, 47
Let v = -21 + 18. Let p = v + 30. List the prime factors of p.
3
Let i(a) be the third derivative of a**4/12 - a**3/3 - a**2. What are the prime factors of i(7)?
2, 3
Let w be ((-4)/(-6))/((-1)/3). Let k be 10 + 0 + 0 - w. Suppose -2*n + 4*h = -k, -h + 0*h = -n + 8. What are the prime factors of n?
2, 5
Let s(g) = 4*g**2 + 4*g + 2. Let m(u) = -7*u**2 - 9*u - 4. Let p(n) = -3*m(n) - 5*s(n). Let r be p(-8). Suppose -2*q + r = 3*q. What are the prime factors of q?
2
Let n(h) = -2*h + 2. Let u be n(5). Let g = u - 21. Let w = -17 - g. List the prime factors of w.
2, 3
Suppose 0 = -3*y + 5*y - 20. Let q(f) = -f + 24. List the prime factors of q(y).
2, 7
Let m = -24 + 35. Suppose -2*k + 17 + m = 0. Let i = k + -2. What are the prime factors of i?
2, 3
Suppose i - 2*d = 7, -3*d = -2*i + 9 + 4. Suppose 0*n = 3*o + i*n - 44, 3*n = -2*o + 31. What are the prime factors of o?
23
What are the prime factors of 58/8 - 1/4?
7
Let m be 22/5 + 14/(-35). Suppose -2*u = -3*g + 54, -7*g - m*u + 90 = -2*g. List the prime factors of 150/g + (-1)/3.
2
Let w be (2/6)/(1/18). Suppose w = -2*a, 4*g - 5*a - 113 + 10 = 0. What are the prime factors of g?
2, 11
Let r(x) = 3*x + 2. What are the prime factors of r(11)?
5, 7
Let n = 28 + -13. What are the prime factors of 2 + n + (-4 - -4)?
17
Let l(x) = -x**2 - x + 13. Let v = -4 - -5. Let z be (v + -1)/(5 - 7). What are the prime factors of l(z)?
13
Let r(w) = 2*w**2 + 3*w - 2. Let q be r(-3). Let u(k) = -k**2 + 9*k - 9. What are the prime factors of u(q)?
5
Let z = 219 - 155. List the prime factors of z.
2
What are the prime factors of 133/2 - (30/12 + -3)?
67
Let u(o) = 5*o - 19. What are the prime factors of u(10)?
31
Suppose -3*i + 291 = -0*i. What are the prime factors of i?
97
Let q(b) = -18 - 10*b + 8 + 11. List the prime factors of q(-1).
11
Suppose 4*w = -4*t + 12, 0 = 4*t - 13 - 3. Let a be 3/(w + -1 + 3). Suppose a*l + l - 8 = 0. List the prime factors of l.
2
What are the prime factors of ((28/(-8))/7)/(1/(-106))?
53
Suppose 0 = 4*l - p - 1053, -6*l + 3*p - 1033 = -10*l. What are the prime factors of l?
2, 131
Suppose c - 47 = 3*l, -7*c - 4*l = -2*c - 311. List the prime factors of c.
59
Let y be (-3)/(-12) + (-1)/4. Suppose 3*t - 2*t + 2 = 0, 3*c + 2*t - 44 = y. Let i = 25 - c. What are the prime factors of i?
3
Let b(i) = i**3 - 5*i**2 + i - 1. Let k be b(5). Suppose -2*s + f = -5 - k, 4*f = -2*s + 4. Suppose -g + 4 = -s. List the prime factors of g.
2
Let l be 2*1*(-7)/(-14). Suppose s = l + 9. What are the prime factors of s?
2, 5
Let k(d) = -d**3 - 7*d**2 + 3. Let n be k(-7). Let t = -1 + n. List the prime factors of t.
2
What are the prime factors of -13*3/6*-26?
13
Let l = 13 - 9. Suppose -3*u - 3 = 0, -3*w + l*w - u - 5 = 0. What are the prime factors of 3 + -2 - w*-3?
13
Suppose 32 = -2*v - 5*w, -3*v - 50 + 2 = w. Let o = -11 - v. Suppose -o*m = -9 - 36. List the prime factors of m.
3
Let l = 11 - 8. What are the prime factors of l/12 + (-14)/(-8)?
2
Suppose 2*h = -39 + 321. List the prime factors of h.
3, 47
Let u = 13 - -5. What are the prime factors of u?
2, 3
Suppose i + 8 - 29 = 5*h, 2*i - 81 = -3*h. What are the prime factors of i?
2, 3
Let u = -8 + 1. Let s = -2 - u. List the prime factors of s.
5
Suppose -4*f + 3*o = -2*o - 311, -3*f + 238 = o. List the prime factors of f.
79
Suppose -6*k = -7*k. Suppose 0 = 3*v + 3, 0 = -k*s + 4*s + 4*v. Suppose -5*l + s + 39 = 0. List the prime factors of l.
2
Let w be ((-21)/(-15) + -2)*-15. Let q = w - 15. List the prime factors of (-2)/6 - 44/q.
7
Suppose -5*z - 33 - 123 = -4*j, -z = -4. Suppose j = m - 2*m. Let s = m - -63. List the prime factors of s.
19
Suppose -2*x = -43 - 423. List the prime factors of x.
233
Let b = -3 - -5. Let l = b - 2. Suppose -5*a + 12 + 28 = l. List the prime factors of a.
2
Let b(i) = -2*i**2 - 16*i - 9. What are the prime factors of b(-7)?
5
Suppose -10*m + 11*m = 3. Suppose -g - 4*j = -0 + 9, 0 = -m*g + 3*j + 18. List the prime factors of g.
3
Let l(g) = -g**3 + 11*g**2 - 14*g + 7. What are the prime factors of l(9)?
43
Let i be ((-16)/10 + 2)*10. Let n(g) = 1 - i + 2 + 7*g. What are the prime factors of n(1)?
2, 3
Let v = 37 - 33. List the prime factors of v.
2
Let g(v) = v**3 - 11*v**2 - 12*v + 12. Let a be g(12). Let f = -2 - 0. Let b = a + f. List the prime factors of b.
2, 5
Suppose 2*j + 3*h - 1 = j, 5*j - 38 = -4*h. Let p(a) = -3*a**3 + 0*a**3 + 7*a**3 - 11*a - 3*a**3 - 9*a**2 + 14. List the prime factors of p(j).
2
Suppose 4*h = -4, 0 = -5*z - h - 0*h + 14. What are the prime factors of (5 - z) + -1 + 11?
2, 3
Suppose -3*s + 0*s - 9 = 0. List the prime factors of (-1)/(s/(-3))*-13.
13
Let f(x) = -x**2 - 5*x - 2. Let b be f(-4). Let m = b + -2. Suppose 4*r - 4 = m, -4*n - 3 = -3*n - 5*r. List the prime factors of n.
2
Let o = 7 - 1. Suppose 2*v + 20 = o*v. Suppose -2*s - v = -23. List the prime factors of s.
3
Let x = 4 - 2. Let a be -2 - (-3 - x) - 0. Suppose a*g + 9 = 24. List the prime factors of g.
5
Let n be 44/(-12) + 4/(-12). Let z = 31 - n. What are the prime factors of z?
5, 7
Let m be 3*(-2 - (-16)/6). Let o be (5/15)/1*3. Let r = m + o. List the prime factors of r.
3
Let u be (4/12)/((-2)/(-12)). Let w = u + -1. What are the prime factors of 2 - (w - 1 - 2)?
2
List the prime factors of ((-8)/20 + 474/10)/1.
47
Let r(c) = c**2 - 2*c - 5. Let a be r(4). Suppose -4*k = a*v - 1, -v = -2*k - 6*v - 17. Suppose 0*t = k*t - 28. What are the prime factors of t?
7
Suppose -m = -3*m + 150. Suppose 4*k + 2*p = p + 43, 3*p = 5*k - m. List the prime factors of k.
2, 3
Let r = -2 - -5. Suppose 0 = -4*g - 2*l + 82, r*g - l - 26 = 28. Suppose 4 = -f + g. What are the prime factors of f?
3, 5
Suppose -j = 5*x - 6*j + 40, 28 = -5*x + 2*j. Let a = 11 - x. What are the prime factors of a?
3, 5
Let c(x) = -68*x**3 + x**2 - 1. What are the prime factors of c(-1)?
2, 17
Suppose 2*y + 23 = 337. List the prime factors of y.
157
Let q = 266 - 132. What are the prime factors of q?
2, 67
Suppose -5*v + 195 + 190 = 0. List the prime factors of v.
7, 11
Suppose 12 = 3*n - n + y, 4*n + 3*y = 28. List the prime factors of n.
2
Let t(n) be the first derivative of n**4/4 - n**3/3 - n**2/2 + 2*n + 2. List the prime factors of t(0).
2
Let f(u) = 32*u**2 + 1. What are the prime factors of f(-1)?
3, 11
Suppose 3*a - 17 = -0*a + 2*x, -27 = -5*a + 3*x. Let h = 7 - a. List the prime factors of h.
2
Suppose 250 = 7*j - 2*j. Suppose 8*a - j = 3*a. List the prime factors of a.
2, 5
Let b = -33 + 12. Let f(r) = -11*r - 1. Let p be f(-3). Let k = b + p. List the prime factors of k.
11
Let a be (-8)/(0 - 6/3). Let s be 1*11*(1 - -2). Suppose -f + 5*b - 19 = 0, 3*b = f - a*f + s. L